r + 16, y - 1 = 5*r - 5. Suppose u + 3*f - 63 = 0, r = -5*u - 6*f + 3*f + 291. Let w = 17 + 4. Calculate the remainder when u is divided by w.
15
Let n = 8040 + -7781. Calculate the remainder when 684 is divided by n.
166
Calculate the remainder when (-10297)/(-147) + 4/(-84) is divided by 52.
18
Let q(m) = 13*m**2 - 9276*m + 37117. Suppose 54 = 3*a + 3*g, 0*a + 40 = 2*a + 3*g. What is the remainder when q(4) is divided by a?
11
Let l = 9853 + -9817. What is the remainder when l is divided by 17?
2
Let m(c) = c**2 - 5*c. Let j be m(5). Suppose -5*v + 2 + 8 = j. Let k = 5628 + -5619. What is the remainder when k is divided by v?
1
Let z(q) = 5*q**2 + 4*q + 3. Let x be z(-2). Suppose 4*y - y - x = 0. Suppose -3*v = 9, 3*v = f - 40 + 13. What is the remainder when f is divided by y?
3
What is the remainder when (-1 + 0)*3 + (43 - 96/(-8)) is divided by 48?
4
Let u(l) = 3*l**2 + 2*l + 2. Suppose -6*t + 135 = -t. Suppose -a + 2 = 0, h - 4*a - t = -4*h. What is the remainder when u(-2) is divided by h?
3
Suppose -203576 = -892*y + 91676. What is the remainder when 1018 is divided by y?
25
Suppose w = 91 - 51. Let v(x) = x**2 - 33*x - 107. What is the remainder when v(w) is divided by 16?
13
Suppose 68*a + 182*a - 25000 = 0. Calculate the remainder when 15296 is divided by a.
96
Calculate the remainder when 214 is divided by ((-3)/6 - (-2)/12)/((-76)/4788).
4
Let w(f) = 3*f + 51 + 3*f - 3*f + 4. Suppose 4*v - 156 = 156. What is the remainder when v is divided by w(-13)?
14
Let j = -13294 - -14305. What is the remainder when j is divided by 39?
36
Let z = 3 - 8. Let h(g) = -g + 5. Suppose -4*q = 3*l - 103, -1045*q = -1046*q + 2*l + 23. What is the remainder when q is divided by h(z)?
5
What is the remainder when (-16)/(-24) + (-309)/(-9) is divided by (-5)/(-3)*((-3016)/(-145) - 16)?
3
Suppose -2*z + 9 = -179. Suppose j + 4*h = 215, 3*j - 5*h + 153 - 730 = 0. Calculate the remainder when j is divided by z.
11
Let p be (42*20/(-32))/(9/24). Let h = -11 - p. Calculate the remainder when h is divided by 15.
14
Suppose -5*q + 433 = 2*y, 4*y - 123 - 31 = -2*q. What is the remainder when 4092 is divided by q?
87
Suppose -21*n + 6 = -20*n. Let u = 6 - 2. What is the remainder when (-20)/n*36/(-24) is divided by u?
1
Suppose 0 = -96*q + 45*q + 27*q + 8376. What is the remainder when q is divided by 117?
115
Calculate the remainder when (-63)/28 - (-2405)/52 is divided by 8.
4
Let n = -6 + 3. Let o(h) = -h**3 - 5*h**2 + 3*h - 2. What is the remainder when o(-7) is divided by (-48 - 2)*-4*n/(-30)?
15
Let m be 11/(66/(-60)) + 4 + (42 - 4). Let y(h) = h**2 + 3*h - 3. Let i be y(3). Suppose -17*a + m = -i*a. What is the remainder when 30 is divided by a?
14
Calculate the remainder when 107 is divided by ((-12)/14 - 348/84)*-6.
17
Let b = -6 - -36. Suppose 0 = -7*y - 69 + 69. What is the remainder when b is divided by 12 + (4 - (y + 5))?
8
Let j(w) = 51*w**2 + 21*w + 178. Let i(a) = -a**3 - 6*a**2 + 6*a + 6. Calculate the remainder when j(-2) is divided by i(-8).
82
Suppose 3*s - 12 + 141 = -3*d, 3 = 3*d. Calculate the remainder when 18 is divided by (-96)/s - 2 - 225/(-33).
4
Let m = -3 + 7. Calculate the remainder when 332/16*m/1 is divided by (-5)/2*1118/(-65).
40
Suppose 5*d = 4*j - 88, -3*d - 9*j - 52 = -11*j. Let k = 4 - d. Calculate the remainder when 218 is divided by k.
18
Let z = -7 + 14. Let h = -320 - -315. What is the remainder when 162/2 - (5/h - -2) is divided by z?
3
Suppose -13*b = -b - 5*t - 160646, 2*b - 26782 = -3*t. Calculate the remainder when b is divided by 54.
50
Let b(r) = 36*r - 1625. What is the remainder when b(68) is divided by 59?
56
Let r(a) = -13*a - 213. Let y be (1 - 4) + 4 - 6. Let v(s) = -s**2 - 11*s + 2. What is the remainder when r(-21) is divided by v(y)?
28
Let y = -2017 - -2419. What is the remainder when y is divided by 68?
62
Suppose 0 = -l + s + 1840, 139*l - 4*s = 142*l - 5555. Calculate the remainder when l is divided by 26.
25
Let y(k) = 36*k - 69. Let p be y(2). Let c(o) = -o**3 + 5*o**2 - 5*o + 1. Calculate the remainder when 26 is divided by c(p).
2
Let j be (-13)/(-6) - 6*(-1)/(-36). Suppose 12*y - 450 = j*y. Calculate the remainder when 68 is divided by y.
23
Suppose 251 = -10*l + 11*l. Calculate the remainder when l is divided by 24.
11
Let l = -513 - -527. Let u = -80 + 118. Let n = 43 - u. What is the remainder when l is divided by n?
4
Calculate the remainder when ((-14)/(-28))/((23/1062)/23) is divided by 92.
71
Suppose 976*l - 980*l + 1976 = 4*n, 1966 = 4*l - n. Calculate the remainder when l is divided by 235.
22
Suppose -6 - 8 = -o. Let c = -131579 - -131604. What is the remainder when c is divided by o?
11
Suppose -5*p = -3*y + 62, y + 2*y - 2*p - 77 = 0. Calculate the remainder when 412 is divided by y.
6
Suppose 0 = 6*g + 2*g + 680. Calculate the remainder when 159 is divided by (136/g)/(2/10)*-2.
15
Let b be (-1)/(-5) - (-3)/(-15). Suppose -4*r + 44 = 3*y, 4*r + b*r + 5*y = 52. What is the remainder when 13 is divided by r?
5
Let j(h) = -h**2 - 8*h + 9. Let f(a) = a**2 - a - 1. Let k(u) = f(u) - j(u). Let i = -11 - -5. What is the remainder when 37 is divided by k(i)?
17
Calculate the remainder when 410 is divided by 0 - (2316/(-9))/(-5 + (-85)/(-15)).
24
Suppose -7*g = 3*u - 1442, -5*g + 712 = -4*u - 318. Calculate the remainder when 802 is divided by g.
184
Let h(f) = -f**3 + 10*f**2 - f + 13. Let v be h(10). Suppose 5*m - v = 42. What is the remainder when m is divided by 5?
4
Let b be 96*1*(-2)/4. Suppose 4*f = 7*f - 4*u - 32, 14 = f + 2*u. Calculate the remainder when f is divided by (b/(-30))/((-6)/(-15)).
0
Let r be (265 - -14) + -1 + -3. Suppose -13*y + 18*y - r = 0. What is the remainder when y is divided by 15?
10
Let b(z) = 2*z**3 + 9*z**2 - 6*z - 2. Let m be b(-5). Let p(y) = 10*y + 13. What is the remainder when p(m) is divided by 5?
3
Suppose 19*a - 210 - 161 = 123. What is the remainder when 154 is divided by a?
24
Let i be 268/(-14) - (-15)/105. Let g = 24 + i. Suppose 36 - 22 = a. Calculate the remainder when a is divided by g.
4
Let l be -4 - (-72)/20 - (-164)/10. Suppose 6*f - 82 = -l. Calculate the remainder when 32 is divided by f.
10
Let p(b) = -1073*b + 7523. Let c = 2229 - 1091. What is the remainder when c is divided by p(7)?
10
Let d(u) = -u**3 - 2*u**2 + 2*u + 5. Let p be d(-3). Suppose -68 = -p*a - 12. Suppose -3 = -a*r + 228. Calculate the remainder when r is divided by 9.
6
Let h = 5331 + -4768. What is the remainder when h is divided by 277?
9
Let k(j) = 2*j**2 - 5*j + 3. Let i be k(7). Let y = i - 37. Let b(a) = -a + 29. What is the remainder when y is divided by b(13)?
13
Let d(b) = 882*b + 894. Calculate the remainder when 257 is divided by d(-1).
5
Suppose -86 = 11*y - 20. Let x(u) = -u**3 + 6*u**2 - 4*u - 1. What is the remainder when ((-2)/y + -3)/((-6)/18) is divided by x(5)?
0
Suppose 2101 + 1517 = 3*n - 18. Calculate the remainder when n is divided by 204.
192
Calculate the remainder when ((-3)/(-4))/(195/104) - 6729/(-15) is divided by 239.
210
Suppose 13518 = 10*r - 11944 + 8092. What is the remainder when 3483 is divided by r?
9
Let p(y) = -12 + 8 - 11 - 9*y**2 - 25*y + 8*y**2. Calculate the remainder when 203 is divided by p(-21).
65
Let u = 400 + -330. Calculate the remainder when u is divided by 37.
33
Let k be 187/(-5) + (-7 - 185/(-25)). Let d = k - -92. What is the remainder when d is divided by 21?
13
Suppose 3*h + 31*h - 5757 = -1269. What is the remainder when h is divided by 19?
18
Let j(x) be the third derivative of -32*x**2 + 0*x - 1/6*x**3 - 1/6*x**4 + 0 + 1/60*x**5. What is the remainder when j(11) is divided by 39?
37
Let g(j) = -6*j**3 + 93*j**2 - 30*j - 67. Calculate the remainder when 517 is divided by g(15).
43
Let j = 4 + -3. Suppose -3*l = 5*z + 40, -l = -z - 3*l - 8. What is the remainder when -9 + 9 - (z + 1) is divided by j?
0
Let r = -925 - -938. What is the remainder when 1089 is divided by r?
10
What is the remainder when (-1 - -4)/(9/264) is divided by (-3)/7 - (-29583)/1211?
16
Let v(d) = d**3 + 5*d**2 - 158*d - 43. What is the remainder when 466 is divided by v(-15)?
4
Suppose -10*f - 72*f - 7*f + 735051 = 0. What is the remainder when f is divided by 18?
15
Suppose 2*t - 502 = -4*f, -1 = 4*f + 7. Suppose -t - 180 = -5*c. Wh